o = -o - g. List the prime factors of o.
2
Suppose 2*q - 6 - 4 = 0. Suppose -j = 4*c + 2, q*c - 10 = j + 4*j. What are the prime factors of (2/4 - j)*2?
5
Suppose -3*j = -5*f - 117, -4*f + 39 = -0*j + j. Suppose -1 = -4*h + j. List the prime factors of h.
2, 5
Suppose -3*n - 2*c + 0*c = -7, 9 = 2*n - 3*c. Suppose 4 - 6 = -l. Suppose -l*s + 19 = n. What are the prime factors of s?
2
Suppose 2*c - 2 = 10. What are the prime factors of c?
2, 3
Suppose f - 2*f + 2 = 0. Let g(y) = 6*y + 1. What are the prime factors of g(f)?
13
List the prime factors of (51/(5 + -2))/1.
17
Let h(f) = 8*f**2 + f - 1. Let a be h(1). Suppose -a = -2*k + 20. Let z(j) = -j**3 + 14*j**2 + 5. What are the prime factors of z(k)?
5
Let m be 2/(-4) - 42/(-12). Suppose 5*x = 5*u + 10, 5*x - x - 8 = m*u. What are the prime factors of x?
2
Suppose 0 = 4*c - 0*c + 200. What are the prime factors of ((-1)/2)/(5/c)?
5
Let b be 19/4*-1*-4. Let l = b - 0. What are the prime factors of l?
19
Let b be (-223)/6 - 1/(-6). Let y = b + 56. List the prime factors of y.
19
Let k = -4 + 3. Let n = 8 + k. What are the prime factors of n?
7
Let c = 124 - 39. What are the prime factors of c?
5, 17
Suppose 5*m + 745 = 10*m. What are the prime factors of m?
149
Let f(k) = 133*k**2 + 4*k - 5. What are the prime factors of f(1)?
2, 3, 11
What are the prime factors of 40/(5 + -1) - 3?
7
Suppose -4 = -3*d - 1. List the prime factors of (3 - 5)/(d/(-2)).
2
Let q be ((-24)/(-28))/(2/14). Suppose q*n - 215 = n. List the prime factors of n.
43
Let b = -3 + 5. Suppose -2*k + 2*r = k - 17, -12 = -2*k + b*r. Suppose -5*h = -5*m - 25, 2*m - 53 = -k*h - 0*m. What are the prime factors of h?
3
Let c(i) = -2*i**2 + 2*i - 8*i**3 - 1 + 2*i - 6*i. List the prime factors of c(-1).
7
Suppose -2*g = 0, 4*o - 110 - 246 = 3*g. Let p = 132 - o. What are the prime factors of p?
43
Suppose -2*n - 4 = -10. Suppose 0 = -n*t + 5*t + 8. Let l(f) = -2*f - 2. What are the prime factors of l(t)?
2, 3
Let a(o) = o - 4. Let h(x) = 2*x**2 + x. Let q be h(-2). What are the prime factors of a(q)?
2
Let p = 42 - 6. List the prime factors of p.
2, 3
Suppose 3*r - 15 = -2*b, 0 = 5*b - 6*r + r. Let q = 5 - b. Suppose w + 29 = 3*w - v, -33 = -3*w - q*v. List the prime factors of w.
13
What are the prime factors of -2 - -1 - (-14 - -2)*9?
107
Let a(u) = u**2 - 10*u - 15. Let f be a(9). Let l = 9 - 19. Let w = l - f. List the prime factors of w.
2, 7
Suppose 0 = -5*t + 8*t + 81. List the prime factors of 2 - (0 + 1)*t.
29
Let b(o) = 3*o + o + 5 - 5*o. Let g be b(8). Let u = g - -5. What are the prime factors of u?
2
Suppose 0*c = 4*p - 2*c - 64, 3*p - 2*c - 50 = 0. Let v be 0 - (2 + 12/2). Let t = p + v. What are the prime factors of t?
2, 3
Let z(c) = 4*c**3 + 5 + 9*c**2 - 3*c**3 - 2*c**2. Let y be z(-7). Suppose 0 = 4*t + 4*i - 24, -t = -2*t + y*i. List the prime factors of t.
5
Suppose 107 = 3*q - 0*q + 4*d, 0 = q + 5*d - 54. List the prime factors of q.
29
Let k = 13 + -8. Suppose -5*b - k + 155 = 0. Suppose -4*x = 2*y - 1 - 11, 0 = -4*y - 2*x + b. List the prime factors of y.
2
Let w = 228 + -116. Let r be 2/(-11) + w/11. What are the prime factors of (0 - -3)/(2/r)?
3, 5
Let y be (6/(-4))/(4/(-24)). Let b = y + 0. What are the prime factors of b?
3
Let k = -33 - -72. List the prime factors of k.
3, 13
Let g be 31/(-1) - (-3)/3. Let l = 5 + -8. What are the prime factors of (-1)/(l/(g/(-2)))?
5
Let c = -20 - -20. Suppose -5*v + 11 = -c*m - 2*m, -v + 26 = 3*m. List the prime factors of m.
7
Suppose 22 + 5 = 3*n. Suppose -3*i = n, 4*i = -2*d + i - 1. List the prime factors of d.
2
Suppose m + 2*m = 0. Suppose m = -4*i + 6*i - 14. What are the prime factors of i?
7
What are the prime factors of 28 - 26 - -1*59?
61
Let f(a) = 6*a - 3. Let i(c) = 5*c - 2. Let y(v) = -6*f(v) + 7*i(v). Let n be y(0). Suppose -z + 2*w + 0 - n = 0, 3*z = 4*w - 4. List the prime factors of z.
2
List the prime factors of (-1 - -29) + (-2 - 0).
2, 13
Let o be (11/(-3))/(5/15). Let f = 21 + o. List the prime factors of f.
2, 5
Let d(a) be the first derivative of -a**4/4 + 2*a**3/3 + 3*a**2/2 + 3*a - 2. Let b be d(3). Suppose -p = b, -i + 14 = -0*i - p. List the prime factors of i.
11
Let b = -9 + 10. Let t = 4 - b. List the prime factors of 27/(-6)*(-2)/t.
3
Suppose 2*s + 3*s = 3*p - 15, -s - 3 = -3*p. List the prime factors of (s + 6)/(3/5).
5
Let l = 13 + -8. Suppose l*u = 37 + 33. What are the prime factors of u?
2, 7
Suppose -12*h + 14*h - 6 = 0. Let i be (0 - 1) + (1 - -2). Suppose -i*o - 8 = -5*q, 2*o + 5*q = h*o + 14. List the prime factors of o.
2, 3
Let n(c) = -c**2. Let b(t) = 6*t**2 + 5*t - 4. Let j(s) = -b(s) - 5*n(s). Suppose 5*z - 2*z + 15 = 0. What are the prime factors of j(z)?
2
Let u be ((-23)/(-4))/((-4)/(-16)). Let j = -9 + u. What are the prime factors of j?
2, 7
Suppose x - 1 - 3 = 0. Let y(m) = -m**3 + 4*m**2 + 2*m - 1. List the prime factors of y(x).
7
Let n(b) = -3*b + 4*b + 2 + 4 + b. Let g be n(-6). List the prime factors of -34*-1*(-3)/g.
17
Let t be (3/6)/(1/18). What are the prime factors of (-42)/4*(-12)/t?
2, 7
Let v be (3/(-9))/(1/(-3)). Let p(l) = 17*l**3 - l**2 - l + 1. Let z be p(v). Suppose -4*a - f + 0*f = -25, -3*a + 2*f + z = 0. List the prime factors of a.
2, 3
Let k = 10 - 1. What are the prime factors of k?
3
Let x(a) = a**3 - 7*a**2 + 4*a - 3. Let q(u) = -3*u**3 + 20*u**2 - 12*u + 10. Let d(h) = -3*q(h) - 8*x(h). List the prime factors of d(4).
2, 5
Let h = -11 - -219. Suppose 3*p = -p + h. What are the prime factors of p?
2, 13
Let k = 3 - 0. Suppose 2*v - 14 = -k*b - b, 0 = 4*v - 2*b - 8. Suppose -v*i = -4*i + 12. What are the prime factors of i?
2, 3
Let y(b) = 7*b**2 + 7*b - 7. Let z(l) = 15*l**2 + 15*l - 15. Let o(v) = -13*y(v) + 6*z(v). Let a be o(-2). What are the prime factors of (-2)/((-9)/(-15) + a)?
5
Suppose -2*r = r - 15. Suppose 0*j - 5*j + r = 0. List the prime factors of j + (1 - -1) + 13.
2
Suppose 32 = 2*z - 46. List the prime factors of z.
3, 13
Suppose o - h = -0*o - 1, 3*o - 4*h + 4 = 0. Let w be (-3)/(o - (0 - -1)). Suppose -7 = -m - m - 3*u, -w*u + 29 = 4*m. What are the prime factors of m?
11
Suppose -5*x + 81 = 11. Let n = -1 + x. List the prime factors of n.
13
Let k be (0/(-3))/(2*-1). Suppose j + 18 = 5*t, -2*t + k*j - 3 = 3*j. What are the prime factors of -2 + (5 - t/(-3))?
2
Let a = -14 - -29. What are the prime factors of a?
3, 5
Suppose 3*h - j - 26 = 0, -1 = 3*j + 5. Suppose -h*t + 25 = -3*t. Suppose -t*q - i + 25 = 0, -q + 6*q - 2*i = 25. List the prime factors of q.
5
Let i = 121 + -67. List the prime factors of i.
2, 3
Suppose -3*a - 3*d = 3, a + 0 + 2 = -2*d. Suppose -2*t + 20 = -a*t. List the prime factors of t.
2, 5
Let d(k) = -30*k - 64. List the prime factors of d(-15).
2, 193
Suppose -5*n + n - 17 = -3*c, -25 = 5*n. Let x(f) = -28*f**3 - f**2 - f. What are the prime factors of x(c)?
2, 7
Let f(x) = -6*x + 2 - 2 - 4 + x**2. List the prime factors of f(8).
2, 3
List the prime factors of ((-2)/2)/((-1)/86).
2, 43
Suppose 0 = 2*q - 59 - 7. List the prime factors of q.
3, 11
Let r be (0 + 6/(-1))*1. Let b = -1 - r. Suppose b*l - 30 = -5*o, 5*l - 48 = o - 0*o. What are the prime factors of l?
3
Let g be -1*2 + 2 - -2. Suppose 6*n + 20 = g*n. Let r = 0 - n. What are the prime factors of r?
5
Let k(b) = -3*b**3 - b. Let a be k(1). Let j(y) = -y + 3. List the prime factors of j(a).
7
Suppose 4*w - 9 = 15. Suppose w*l = l + 90. What are the prime factors of l?
2, 3
Let y = -111 - -221. List the prime factors of y.
2, 5, 11
Suppose -6 = 3*g + 6, -2*g = -3*k + 47. What are the prime factors of k?
13
Suppose 0 = c - 193 - 69. What are the prime factors of c?
2, 131
Let r = 257 - 52. What are the prime factors of r?
5, 41
Let v = 11 + -9. Suppose 4*n - 26 = v*n. List the prime factors of n.
13
Let n be (1 + -3)/(8/(-20)). Suppose -n*b + 29 = 9. What are the prime factors of b?
2
What are the prime factors of 10/(-15)*126/(-4)?
3, 7
What are the prime factors of (-63 + 32)/(2 + (-11)/5)?
5, 31
Let f(y) = 2*y**2 - 18*y + 19. List the prime factors of f(13).
3, 41
What are the prime factors of 1 + (-15)/6 - 483/(-6)?
79
Suppose 4*y + 1 = 3*p, -5*p - 29 = -0*y + y. Let o be (y/1)/((-3)/9). Suppose 2*f - o = -2. List the prime factors of f.
5
Let m(q) = q**3 - 2*q**2 + 1. Let k be m(2). Let i 